15 - 0) + (28 - 76) + 2?
-31
96 - (16 + -12 + -18) - (-3 + -1 + 2)
112
What is the value of -54 + 1 + (-6 - (53 + -32) - -19)?
-61
-25 - (38 + 92 - 224)
69
Calculate -27 + 2 + 5 + 4 + 10.
-6
What is the value of -4 - (-4 + 2 - 0) - (12 - -18)?
-32
Evaluate (-90743 - -90758) + -57 + -1 + (-1 - 0).
-44
-44 + (2 - 2) + -2 - (2605 + -2593)
-58
What is -59 - (-80 - -3 - -135)?
-117
What is (73 - 46) + -25 + -42?
-40
What is -2 + 22 + -27 + 2?
-5
Evaluate (26 - -6 - -61) + 27 + -6.
114
Evaluate -153 + 151 + 1 + 1 - 8 - -73.
65
What is (3 - -1) + -7 + -4 + (376 - 454)?
-85
(-5 - -47) + (-1007 - -911)
-54
Evaluate -28 + -16 + 61 + -50.
-33
Calculate 12 + (3 - 5) - (50 + -76 - -73).
-37
-7 + 10 + 21 + (15 - (14 - 5)) + -18
12
What is (48 - 38) + (6 - (-6 - -5)) + -24 + 3?
-4
730 - 702 - ((1 - -2) + 8 + -21)
38
67 - 66 - ((-10 - -17 - -62) + 8)
-76
Calculate -154 + -58 + 102 + (20 - (-5 - -7)).
-92
What is the value of -109 + 95 + (6 - -2) - (-3 - (0 + -1))?
-4
-10 - (14 + -24 + -23 + 25)
-2
Evaluate 2 - 3 - (185 - 183) - 23.
-26
(0 - 3) + 5 - (13 - (16 - -4) - -102)
-93
Evaluate (33 - (-35 - 30)) + -33.
65
Evaluate (-5 + -9 - -8) + -7 - (-7 - 1) - -7.
2
What is the value of -23 + (14 - (78 + -64))?
-23
What is -54 - (17 + 5 + 156 + -191)?
-41
Calculate -40 - (-27 + -77 - -45).
19
Calculate 38 + (63 + (-82 - -41) - (13 - -1)).
46
-65 + -144 + 182 + (-15 - (-1 - 0))
-41
What is (1 - -19) + (1 - 0) + (-4056 - -4069)?
34
What is -1 + 3 + -19 - (153 + -40 - 177)?
47
What is the value of (305 - 333) + 68 + 1?
41
24 + 22 + -16 + -6 + 10
34
Calculate 4 + (-25 - -15) + -44.
-50
(-3 - (-24 + 11)) + -1 + -1 + -7 + -17
-16
What is 0 + -70 - (-1030 + 914)?
46
Evaluate 65 + 6 + -5 + -6 + (33 - 33).
60
-15 + 59 + -27 + -5
12
What is the value of -37 + 1 - ((0 + 19 - (-139 + 132)) + -17)?
-45
Evaluate (3 - 1) + -9 - (-13 + (-17 - (-1 + -10))).
12
What is the value of -49 + -69 - (-11 - ((2 - -4) + -10))?
-111
What is -31 + 9 + (27 - 15 - -18)?
8
Evaluate 16 - -1 - ((63 - (7 + -57)) + -29).
-67
What is -459 + 434 + -13 + -1 - -15 - 17?
-41
41 - (2 + 113 + -58)
-16
What is (64 - (1 + -8)) + (-14 + (28 - -5) - 30)?
60
What is the value of 23 - (1 + (-13 + 9 - 3))?
29
What is the value of 62 + -21 - 1 - 26?
14
111 - ((1 - 5) + (15 + 22 - 40 - 4))
122
Evaluate 13 - 24 - (10 + -18 + -5).
2
Calculate -9 + -24 + 12 + 13 - (0 + 4 + -78).
66
2307 + -2370 - (-48 - 2)
-13
What is 48 + -18 + (-30 - 18)?
-18
-2 + -6 + -1 + -21 + (11 - 18)
-37
What is 19 - 50 - 39 - -126?
56
What is -59 - (-25 - (-176 + 89))?
-121
What is the value of 531 - 481 - (88 - 5)?
-33
What is the value of -36 + (-35 - -100 - -1) + (4 - 3 - -11)?
42
(-5 - -11 - 3) + (5 - (6 - 9) - 22)
-11
Calculate (-14 - -29) + -14 + -37 - (-16 + 6).
-26
Calculate -7 + (-35 - (-5 + -76 + 29)).
10
Evaluate 0 + -68 - ((27 - 37) + 19).
-77
What is the value of 26 + (-21 - (-12 + -19)) + 15 + (-3 - 0)?
48
Calculate (-62 - (56 + -36 - 11)) + 39.
-32
What is -1 + -1 + (1 - -1) - (62 - -197 - 251)?
-8
Evaluate -38 - ((-8 - -7) + -51).
14
38 + -19 + -31 + 17
5
What is (-114 - -120) + 88 + 4 + 3 + -2?
99
What is the value of (-3 - -5) + -33 + (36 - 11 - 9) + -10?
-25
(42 - (-41 + 11 + -6)) + (8 - 1)
85
What is the value of (4 - -2) + 7 + (26 - 55 - (-1 + -4))?
-11
What is 46 - (-4 + 1 + (16 - (-25 + 5 + 42)))?
55
Evaluate (-1 - 1 - (1 - -4)) + (6 - -9).
8
What is 3 + -17 + 4 + -7 + 17 - 117?
-117
Evaluate 0 + 11 - (-15 - (-22 - (-5 + 1))).
8
What is (11 - (-2 - -2)) + (34 - (-21 - (-22 + -1)))?
43
What is the value of 6 - (2 - -3) - -15 - (-901 + 911)?
6
(1824 - 1801) + 0 + -63
-40
Evaluate (-68 + 129 - (-4 + 29)) + 19.
55
Calculate 29 + (-69 - (-28 + 5)) + -19.
-36
What is the value of 7 + -13 + 18 - 10 - -11 - (0 - 14)?
27
What is 28 + 44 + 8 + -1 + 10?
89
Calculate (-50 - -24) + 7 + 28.
9
What is the value of -8 + 20 + 9 + 8 - 110?
-81
What is the value of 254 - 148 - (148 - 52)?
10
What is the value of -4 - ((-1 - 1) + -91 + 94) - (50 + -12)?
-43
What is the value of (-16 - 79) + 233 - 190?
-52
What is the value of -58 + (-1 - (-255 + 251 - (8 + (1 - 2))))?
-48
What is 1 - -22 - (-96 + -4 + (39 - -37))?
47
Calculate (24 - (17 + -13)) + -4 - 34.
-18
Calculate (22 - (-4 + 0 - -4)) + 2900 + -2948.
-26
Evaluate 19 + -20 - ((11 - -1) + (-18 - 6)).
11
Calculate (-46 - -57 - 34) + -3 + 85.
59
What is the value of 13 + -44 + -16 - ((-43 - -43) + 4 + -1)?
-50
Evaluate -37 - ((9 - (-1 + 3)) + (372 - 386)).
-30
Evaluate (1 - -7 - (2 + (7 - -4) + -7)) + 6.
8
What is the value of 0 - 38 - (-7 - -15) - 0 - (1 - -6)?
-53
What is the value of (-188 - -149) + 11 + 29 - (0 + 14)?
-13
What is the value of (-77 - -58) + -2 - -51?
30
(-2 - (-11 - (2 + -14 + 12))) + -7
2
Calculate 30 - (-7 - (36 + -137)).
-64
What is 91 - ((-6 - 12 - -11 - -14) + -2)?
86
What is -252 + 242 - (13 - 7 - (-7 - -74))?
51
What is 24 + -24 - ((-18 - -9 - 1) + -38)?
48
What is -41 + 272 - (280 + -138)?
89
What is 2 + 6 - -2 - (-397 + 423 + (2 - -16))?
-34
What is (-61 - 112) + 106 - (-2 + (-2 - 0))?
-63
Calculate (-29 - (1 - 15)) + 9 - 36.
-42
What is the value of (4 - (1 + -9) - -6) + 41 + -72?
-13
What is (14 - -12) + (-15 - (-53 + -1 + 24))?
41
54 + 0 + 1 + (-60 + -6 - -60)
49
-25 - 33 - (-11 - -1) - (90 - 83)
-55
What is 10 + (41 - (8 - (21 - 12)))?
52
Evaluate 24 + (-58 - -45 - 5).
6
Evaluate (2 - 11) + -10 + (-5 - 8) + (34 - 20).
-18
Calculate (49 - 30 - 48) + 63.
34
Evaluate 88 + (30 - (-17 + -14 + 97)).
52
What is -122 - (102 + -252 + 78)?
-50
Evaluate 56 + (-86 - -2) + 58.
30
What is the value of 26 + 22 + 22 - 39?
31
What is the value of (1 - (-16 + 3)) + -161 + 22 + 27?
-98
Calculate -42 - (3 - ((-22 - -2) + 39)).
-26
What is (-12 - 34 - -53) + (32 - 15)?
24
Evaluate (0 - -2) + (-2 + -33 - 40) + -8.
-81
What is ((-49 - -6) + 23 - (-3 + -11)) + 69 + -2?
61
Calculate 13 + 71 + -9 + 36.
111
What is the value of (72 - (123 + -48)) + (0 - 6) + 72?
63
What is the value of (-25 - (-26 + 17)) + -44?
-60
What is 71 + (36 - 49) + (6 - (3 + -3))?
64
What is -9 + (-31 - -26 - (6 + (-7 - -43) + -8))?
-48
Evaluate -37 + 49 + -52 - -57.
17
(-8 - -6) + 0 + -5 + -2 + -14 + 10
-13
74 + 12 - 50 - 24
12
-1 - (3 + (-1 - -1)) - (-3996 + 3971)
21
Evaluate 1 + 30 + (38 - (-19 + 35)) + -14.
39
What is -11 + 52 + -16 + -23?
2
What is 0 - -99 - (-21 - -18 - -24)?
78
What is 24 - 2 - 93 - -1?
-70
What is the value of 86 + (-1 - 1 - 4) + (-1218 - -1211)?
73
Calculate -35 + (-6 - (9 - 27)) + -19 + 20.
-22
(-59 - -44) + -27 - 12
-54
28 + -12 + 38 + -52
2
What is -13 + (-74 - -29) + 61 + -10?
-7
Evaluate 24 + (47 - (4 - -49) - 20).
-2
Evaluate (-20 - (3 - 7 - 7)) + 42 + (-1 - -3).
35
Evaluate (-54 - (6 - (-13 - -38))) + 5.
-30
Calculate 46 + (4 - ((16 - 20) + 11 + 1 + 4)).
38
Calculate -17 - 4 - ((27 - -28) + -72).
-4
What is (966 - 962) + 1 + -51?
-46
Evaluate -12 - -78 - (18 + (-8 - 3) - -4).
55
(1290 - 1314 - (-33 - -1)) + 22
30
1 - (12 + (11 + -12 - 0)) - -14 - -10
14
-38 + 57 + -33 - -45
31
What is the value of (170 - 172) + (-25 - -1) - 33?
-59
What is the value of -52 - -58 - 19 - (-43 + (-1 - -3))?
28
57 - 148 - -41 - -47
-3
Evaluate (-3 - 34) + (2 + 3 - (10 + (6 - 4))).
-44
Evaluate -7 - (65 + 0 - ((-171 - -78) + 80)).
-85
Evaluate -1 + 11 + (-4 - (-28 + 30)) - -25.
29
What is the value of 6 - -1 - (-853 + 869 + -11 + -4 + 0)?
6
(13 + 27 - 78) + 101
63
What is the value of 0 + -141 + -4919 + 5060?
0
What is the value of (155 - 108) + 103 + -105?
45
What is -14 + -9 + -15 + -12 + -10 + 10?
-50
What is 29 - (120 - (31 - -22))?
-38
Calculate 4 + (2 - -4) + 2 + (24 - -7).
43
(-13 - -3) + (7552 + -7537 - (104 + 2 + -1))
-100
Evaluate (3010 - 2978) + 0 + 2 + -3 + 10.
41
What is 3 + (-2 - -4) + -2 - (-612 - -654)?
-39
What is the value of (-213 - (-49 + -28)) + 6?
-130
-129 + (5 - -23) - -45
-56
What is the value of -55 + 26 + -24 + (10 - 2)?
-45
What is the value of (-7 - (-61 - -82)) + -13?
-41
Calculate 36 - 9 - (-41 + 14 + 10).
44
Evaluate 22 + -21 - (16 + -13 - -5 - (0 + -2)).
-9
What is 134 + -99 + 104 + -76?
63
(3 + -3 + -3 - -1) + (1733 - 1792)
-61
What is 3406 + -3358 - (6 + 1 + -2)?
43
(-74 + 59 - -38) + -29
-6
What is (304 + -283 - (2 - -26)) + 20?
13
What is -10 - -27 - (0 - 30)?
47
Calculate 1 + 36 - ((-220 - -239 - (-10 + 2)) + -17).
27
Evaluate 223 + -264 + -2 + 9 + -5 + 3